{"id":93,"date":"2012-06-07T10:51:46","date_gmt":"2012-06-07T08:51:46","guid":{"rendered":"http:\/\/www.kop-pl.com\/?page_id=93"},"modified":"2012-06-07T10:51:46","modified_gmt":"2012-06-07T08:51:46","slug":"zjazd-2012","status":"publish","type":"page","link":"https:\/\/www.kop-info.org\/?page_id=93","title":{"rendered":"Zjazd 2012"},"content":{"rendered":"<p><!--:pl-->Grupa dzia\u0142aczy o\u015bwiatowych uczestnicz\u0105cych w kolejnych <strong>\u015awiatowych Zjazdach Nauczycieli Polonijnych w Ostr\u00f3dzie<\/strong>, oraz w obradach <strong>Rady O\u015bwiaty Polonijnej<\/strong> przy Ministerstwie Edukacji Narodowej dosz\u0142a do wniosku, \u017ce olbrzymie i bardzo zr\u00f3\u017cnicowane grono nauczycieli pracuj\u0105cych z m\u0142odzie\u017c\u0105 polsk\u0105 poza granicami kraju, zas\u0142uguje na w\u0142asny demokratyczny organ przedstawicielski, dost\u0119pny dla wszystkich i kieruj\u0105cy si\u0119 zasad\u0105 partnerstwa i wzajemnego poszanowania.<\/p>\n<h4><strong>G\u0142\u00f3wnym celem Kongresu<\/strong><\/h4>\n<p>jest integracja i wzmocnienie polonijnego ruchu o\u015bwiatowego na ca\u0142ym \u015bwiecie oraz zapewnienie o\u015bwiacie polonijnej nale\u017cnych jej praw, statusu i \u015brodk\u00f3w. Nasza wielomiesi\u0119czna praca nad zebraniem bazy danych, wy\u0142onieniem proporcjonalnej reprezentacji i opracowaniem dokumentu statutowego zaowocowa\u0142a zwo\u0142aniem pierwszego za\u0142o\u017cycielskiego zjazdu <strong>Kongresu O\u015bwiaty Polonijnej<\/strong>, kt\u00f3ry odb\u0119dzie si\u0119 w <strong>Pu\u0142tusku<\/strong>, w dniach 22-24 czerwca 2012 r.<\/p>\n<p>Przewidziany jest udzia\u0142 60 delegat\u00f3w z organizacji o\u015bwiatowych na ca\u0142ym \u015bwiecie a wsp\u00f3\u0142organizatorem naszego spotkania jest Stowarzyszenie \u201eWsp\u00f3lnota Polska\u201d.<\/p>\n<p><em>Z kole\u017ce\u0144skim pozdrowieniem, 7 czerwca 2012 r. Komitet Organizacyjny Zjazdu<\/em>\u00a0<!--:--><\/p>\n<p>&nbsp;<\/p>\n<p>&nbsp;<\/p>\n","protected":false},"excerpt":{"rendered":"<p>Grupa dzia\u0142aczy o\u015bwiatowych uczestnicz\u0105cych w kolejnych \u015awiatowych Zjazdach Nauczycieli Polonijnych w Ostr\u00f3dzie, oraz w obradach Rady O\u015bwiaty Polonijnej przy Ministerstwie Edukacji Narodowej dosz\u0142a do wniosku, \u017ce olbrzymie i bardzo zr\u00f3\u017cnicowane grono nauczycieli pracuj\u0105cych z m\u0142odzie\u017c\u0105 polsk\u0105 poza granicami kraju, zas\u0142uguje na w\u0142asny demokratyczny organ przedstawicielski, dost\u0119pny dla wszystkich i kieruj\u0105cy si\u0119 zasad\u0105 partnerstwa i wzajemnego [&hellip;]<\/p>\n","protected":false},"author":1,"featured_media":0,"parent":0,"menu_order":1,"comment_status":"closed","ping_status":"closed","template":"","meta":{"footnotes":""},"class_list":["post-93","page","type-page","status-publish","hentry"],"_links":{"self":[{"href":"https:\/\/www.kop-info.org\/index.php?rest_route=\/wp\/v2\/pages\/93"}],"collection":[{"href":"https:\/\/www.kop-info.org\/index.php?rest_route=\/wp\/v2\/pages"}],"about":[{"href":"https:\/\/www.kop-info.org\/index.php?rest_route=\/wp\/v2\/types\/page"}],"author":[{"embeddable":true,"href":"https:\/\/www.kop-info.org\/index.php?rest_route=\/wp\/v2\/users\/1"}],"replies":[{"embeddable":true,"href":"https:\/\/www.kop-info.org\/index.php?rest_route=%2Fwp%2Fv2%2Fcomments&post=93"}],"version-history":[{"count":0,"href":"https:\/\/www.kop-info.org\/index.php?rest_route=\/wp\/v2\/pages\/93\/revisions"}],"wp:attachment":[{"href":"https:\/\/www.kop-info.org\/index.php?rest_route=%2Fwp%2Fv2%2Fmedia&parent=93"}],"curies":[{"name":"wp","href":"https:\/\/api.w.org\/{rel}","templated":true}]}}