{"id":2148,"date":"2018-09-08T21:58:01","date_gmt":"2018-09-08T19:58:01","guid":{"rendered":"http:\/\/www.kop-pl.com\/?page_id=2148"},"modified":"2024-09-17T12:46:21","modified_gmt":"2024-09-17T12:46:21","slug":"zjazd-2018","status":"publish","type":"page","link":"https:\/\/www.kop-info.org\/?page_id=2148","title":{"rendered":"IV ZJAZD 2018"},"content":{"rendered":"\n<p><strong>IV Kongres O\u015bwiaty Polonijnej w Krakowie<\/strong><\/p>\n\n\n\n<p><a href=\"https:\/\/slowopolskie.online\/wp-content\/uploads\/2018\/08\/0708_zyt-2.jpg\"><\/a><strong>W dniach 29 czerwca \u2013 2 lipca 2018 r. w Krakowie obradowa\u0142 \u00a0III Zjazd Kongresu O\u015bwiaty Polonijnej. Udzia\u0142 w nim wzi\u0119\u0142o 35 uczestnik\u00f3w z 21 kraj\u00f3w \u015bwiata. Ukrain\u0119 reprezentowa\u0142a prezes \u017bytomierskiego Obwodowego Zwi\u0105zku Polak\u00f3w na Ukrainie Wiktoria Laskowska-Szczur, sta\u0142y cz\u0142onek Kongresu.<\/strong><\/p>\n\n\n\n<figure class=\"wp-block-gallery has-nested-images columns-default is-cropped wp-block-gallery-1 is-layout-flex wp-block-gallery-is-layout-flex\">\n<figure class=\"wp-block-image size-large\"><img loading=\"lazy\" decoding=\"async\" width=\"1024\" height=\"686\" data-id=\"3545\" src=\"https:\/\/www.kop-info.org\/wp-content\/uploads\/2024\/09\/0708_zyt-2_2018-1024x686.jpg\" alt=\"\" class=\"wp-image-3545\" srcset=\"https:\/\/www.kop-info.org\/wp-content\/uploads\/2024\/09\/0708_zyt-2_2018-1024x686.jpg 1024w, https:\/\/www.kop-info.org\/wp-content\/uploads\/2024\/09\/0708_zyt-2_2018-300x201.jpg 300w, https:\/\/www.kop-info.org\/wp-content\/uploads\/2024\/09\/0708_zyt-2_2018-768x514.jpg 768w, https:\/\/www.kop-info.org\/wp-content\/uploads\/2024\/09\/0708_zyt-2_2018-1536x1028.jpg 1536w, https:\/\/www.kop-info.org\/wp-content\/uploads\/2024\/09\/0708_zyt-2_2018.jpg 1800w\" sizes=\"(max-width: 1024px) 100vw, 1024px\" \/><\/figure>\n\n\n\n<figure class=\"wp-block-image size-large\"><img loading=\"lazy\" decoding=\"async\" width=\"1024\" height=\"686\" data-id=\"3547\" src=\"https:\/\/www.kop-info.org\/wp-content\/uploads\/2024\/09\/0708_zyt-3-2018-1024x686.jpg\" alt=\"\" class=\"wp-image-3547\" srcset=\"https:\/\/www.kop-info.org\/wp-content\/uploads\/2024\/09\/0708_zyt-3-2018-1024x686.jpg 1024w, https:\/\/www.kop-info.org\/wp-content\/uploads\/2024\/09\/0708_zyt-3-2018-300x201.jpg 300w, https:\/\/www.kop-info.org\/wp-content\/uploads\/2024\/09\/0708_zyt-3-2018-768x514.jpg 768w, https:\/\/www.kop-info.org\/wp-content\/uploads\/2024\/09\/0708_zyt-3-2018-1536x1028.jpg 1536w, https:\/\/www.kop-info.org\/wp-content\/uploads\/2024\/09\/0708_zyt-3-2018.jpg 1800w\" sizes=\"(max-width: 1024px) 100vw, 1024px\" \/><\/figure>\n\n\n\n<figure class=\"wp-block-image size-large\"><img loading=\"lazy\" decoding=\"async\" width=\"1024\" height=\"686\" data-id=\"3546\" src=\"https:\/\/www.kop-info.org\/wp-content\/uploads\/2024\/09\/0708_zyt-4-2018-1024x686.jpg\" alt=\"\" class=\"wp-image-3546\" srcset=\"https:\/\/www.kop-info.org\/wp-content\/uploads\/2024\/09\/0708_zyt-4-2018-1024x686.jpg 1024w, https:\/\/www.kop-info.org\/wp-content\/uploads\/2024\/09\/0708_zyt-4-2018-300x201.jpg 300w, https:\/\/www.kop-info.org\/wp-content\/uploads\/2024\/09\/0708_zyt-4-2018-768x514.jpg 768w, https:\/\/www.kop-info.org\/wp-content\/uploads\/2024\/09\/0708_zyt-4-2018-1536x1028.jpg 1536w, https:\/\/www.kop-info.org\/wp-content\/uploads\/2024\/09\/0708_zyt-4-2018.jpg 1800w\" sizes=\"(max-width: 1024px) 100vw, 1024px\" \/><\/figure>\n<\/figure>\n\n\n\n<p>W inauguracji zjazdu wzi\u0119li udzia\u0142 m.in. senator RP Jerzy Fedorowicz, marsza\u0142ek wojew\u00f3dztwa Ma\u0142opolskiego Jacek Krupa, wiceprezydent miasta Krakowa Katarzyna Kr\u00f3l, dyrektor biura Polonijnego Kancelarii Senatu RP Grzegorz Seroczy\u0144ski, Dyrektor Departamentu Wsp\u00f3\u0142pracy Mi\u0119dzynarodowej MEN Sebastian K\u0119cik oraz prezes Stowarzyszenia Wsp\u00f3lnota Polska Dariusz Piotr Bonis\u0142awski.<\/p>\n\n\n\n<p>Wieczorem w krakowskim magistracie z uczestnikami zjazdu spotka\u0142 si\u0119 prezydent miasta Krakowa Jacek Majchrowski, kt\u00f3ry obj\u0105\u0142 Honorowym Patronatem III Zjazd KOP.<\/p>\n\n\n\n<p>Jolanta Gra\u017cyna Tatara uhonorowa\u0142a statuetkami Kongresu O\u015bwiaty Polonijnej zas\u0142u\u017conych dla o\u015bwiaty polonijnej i polskiej za granic\u0105: Jerzego Fedorowicza \u2013 Senatora RP, Jacka Krup\u0119 \u2013 Marsza\u0142ka Wojew\u00f3dztwa Ma\u0142opolskiego, Dariusza Piotra Bonis\u0142awskiego \u2013 Prezesa Stowarzyszenia \u201eWsp\u00f3lnota Polska\u201d, prof. Andrzeja Bia\u0142asa \u2013 Prezesa Polskiej Akademii Umiej\u0119tno\u015bci, Beata Pietrzyk \u2013 Naczelnika Departamentu Wsp\u00f3\u0142pracy Mi\u0119dzynarodowej MEN, Barbar\u0119 Dudzik \u2013 Skarbnika Stowarzyszenia O\u015bwiaty i Kultury Polskiej.<br>Uczestnicy Zjazdu podsumowali prac\u0119 dotychczasowych w\u0142adz organizacji, a tak\u017ce oceniali stan nauczania polskiej m\u0142odzie\u017cy na obczy\u017anie. Spotkania organizowane przez Kongres O\u015bwiaty Polonijnej s\u0105 zawsze okazj\u0105 do integracji \u015brodowiska zaanga\u017cowanego w prac\u0119 na rzecz polskiej o\u015bwiaty poza granicami kraju.<\/p>\n\n\n\n<p>Jednym z punkt\u00f3w programu Kongres\u00f3w O\u015bwiaty Polonijnej s\u0105 warsztaty dla nauczycieli polonijnych po\u015bwi\u0119cone innowacyjnemu kszta\u0142ceniu. W ramach zaj\u0119\u0107 przewidziano tak\u017ce czas na indywidualne konsultacje metodyczno-przedmiotowe.<\/p>\n\n\n\n<p>Nast\u0119pnego dnia zjazd powo\u0142a\u0142 Stowarzyszenie pod nazw\u0105: Stowarzyszenie \u201eKongres O\u015bwiaty Polonijnej\u201d.Odby\u0142y si\u0119 obrady i wybory w\u0142adz. Na przewodnicz\u0105c\u0105 obrad jednog\u0142o\u015bnie wybrano Dorot\u0119 Andrak\u0119, sekretarza (protokolanta) \u2013 Wiktori\u0119 Laskowsk\u0105 \u2013 Szczur z \u017bytomierza.<\/p>\n\n\n\n<p>Delegaci III Zjazdu KOP w tajnym g\u0142osowaniu wybrali w\u0142adze III Kongresu O\u015bwiaty Polonijna (2018-2021). Prezesem zosta\u0142a Jolanta Gra\u017cyna Tatara (USA), wiceprezesi Anna Teresa Dunajewski, Agnieszka Zaj\u0105c i Hanna Irena Matras-Sand, Sekretarzem Iwona Ma\u0142gorzata Malinowska, skarbnik Ewa Ma\u0142gorzata Mi\u017cejewska. Komisja Rewizyjna: Barbara Wojda, Renata Kaczmarek, J\u00f3zef Kwiatkowski.<\/p>\n\n\n\n<p>Obradom zjazdu towarzyszy\u0142y zaj\u0119cia warsztatowe pt. \u201eInnowacyjne kszta\u0142cenie pokolenia polonijnego, czyli j\u0119zykowo-przedmiotowe nauczanie j\u0119zyka odziedziczonego metod\u0105 skorelowan\u0105\u201d Przedstawione zosta\u0142y pomocy edukacyjne \u201eBiblioteka Pedagogiczna partnerem nowoczesnego nauczyciela\u201d, zaproszenie do studiowania w Polsce przedstawili krakowskie uczelnie, ofert\u0119 wsp\u00f3\u0142pracy zaproponowa\u0142 prezes Stowarzyszenia O\u015bwiaty i Kultury Polskiej, oraz przedstawione wsparcie kulturalne dla Polonii i spektakle teatralne. Wa\u017cnym aspektem by\u0142y organizowane indywidualne konsultacje metodyczno-przedmiotowe dla nauczycieli. Organizatorzy zadbali r\u00f3wnie\u017c o bogaty program kulturalny.<\/p>\n\n\n\n<p>Zjazd podj\u0105\u0142 szereg dokument\u00f3w wa\u017cnych dla rozwoju o\u015bwiaty polskiej i polonijnej poza granicami Polski, sygnalizuj\u0105c kwestie wa\u017cne dla szkolnictwa polskiego na Litwie i Ukrainie.<\/p>\n\n\n\n<p>Obrady III Zjazdu KOP odby\u0142y si\u0119 w tak wa\u017cnym roku 100-lecia odzyskania niepodleg\u0142o\u015bci przez Polsk\u0119, zako\u0144czy\u0142a msza \u015bw. w Bazylice Mariackiej w intencji wszystkich uczestnik\u00f3w.<\/p>\n\n\n\n<p>Nowo wybranym w\u0142adzom gratulujemy i \u017cyczymy wytrwa\u0142o\u015bci w d\u0105\u017ceniu do celu, cierpliwo\u015bci, optymizmu, zapa\u0142u do pracy, a tak\u017ce satysfakcji z pe\u0142nionej s\u0142u\u017cby.<\/p>\n\n\n\n<p>Organizator zjazdu Stowarzyszenie O\u015bwiaty i Kultury Polskiej i Kongres O\u015bwiaty Polonijnej, projekt realizowany w ramach opieki Senatu RP nad Polonia i Polakami w 2018 r.<\/p>\n\n\n\n<p><strong><em>Informacja.<\/em><\/strong><em>&nbsp;Organizacja \u201eKongres O\u015bwiaty Polonijnej\u201d to samorz\u0105dowa organizacja przedstawicieli o\u015bwiatowych \u015brodowisk polonijnych i polskich poza granicami kraju. Celem Kongresu jest dba\u0142o\u015b\u0107 o zapewnienie o\u015bwiacie polonijnej i polskiej za granic\u0105 nale\u017cnych jej praw, statusu i \u015brodk\u00f3w oraz koordynacja przedsi\u0119wzi\u0119\u0107 na rzecz promocji j\u0119zyka i kultury polskiej.<\/em><\/p>\n\n\n\n<p><em>Wiktoria Laskowska &#8211; Szczur, 07.08.18 r.<\/em><\/p>\n","protected":false},"excerpt":{"rendered":"<p>IV Kongres O\u015bwiaty Polonijnej w Krakowie W dniach 29 czerwca \u2013 2 lipca 2018 r. w Krakowie obradowa\u0142 \u00a0III Zjazd Kongresu O\u015bwiaty Polonijnej. Udzia\u0142 w nim wzi\u0119\u0142o 35 uczestnik\u00f3w z 21 kraj\u00f3w \u015bwiata. Ukrain\u0119 reprezentowa\u0142a prezes \u017bytomierskiego Obwodowego Zwi\u0105zku Polak\u00f3w na Ukrainie Wiktoria Laskowska-Szczur, sta\u0142y cz\u0142onek Kongresu. W inauguracji zjazdu wzi\u0119li udzia\u0142 m.in. senator RP [&hellip;]<\/p>\n","protected":false},"author":1,"featured_media":3548,"parent":0,"menu_order":3,"comment_status":"closed","ping_status":"closed","template":"","meta":{"footnotes":""},"class_list":["post-2148","page","type-page","status-publish","has-post-thumbnail","hentry"],"_links":{"self":[{"href":"https:\/\/www.kop-info.org\/index.php?rest_route=\/wp\/v2\/pages\/2148"}],"collection":[{"href":"https:\/\/www.kop-info.org\/index.php?rest_route=\/wp\/v2\/pages"}],"about":[{"href":"https:\/\/www.kop-info.org\/index.php?rest_route=\/wp\/v2\/types\/page"}],"author":[{"embeddable":true,"href":"https:\/\/www.kop-info.org\/index.php?rest_route=\/wp\/v2\/users\/1"}],"replies":[{"embeddable":true,"href":"https:\/\/www.kop-info.org\/index.php?rest_route=%2Fwp%2Fv2%2Fcomments&post=2148"}],"version-history":[{"count":3,"href":"https:\/\/www.kop-info.org\/index.php?rest_route=\/wp\/v2\/pages\/2148\/revisions"}],"predecessor-version":[{"id":3549,"href":"https:\/\/www.kop-info.org\/index.php?rest_route=\/wp\/v2\/pages\/2148\/revisions\/3549"}],"wp:featuredmedia":[{"embeddable":true,"href":"https:\/\/www.kop-info.org\/index.php?rest_route=\/wp\/v2\/media\/3548"}],"wp:attachment":[{"href":"https:\/\/www.kop-info.org\/index.php?rest_route=%2Fwp%2Fv2%2Fmedia&parent=2148"}],"curies":[{"name":"wp","href":"https:\/\/api.w.org\/{rel}","templated":true}]}}